f u?
2, 29
Let o(g) = -175*g + 40. What are the prime factors of o(-3)?
5, 113
Let i be (2 + -3)*-10*6/(-4). List the prime factors of 4/(-6) + 20/i + 24.
2, 11
Let x = 6 + -3. Suppose 2*t + t = -o, 0 = 4*o - x*t - 15. Suppose o*u + u = -12, -5*m = -4*u - 62. List the prime factors of m.
2, 5
List the prime factors of 2/11 - (-222170)/286.
3, 7, 37
Let j = 0 - -4. Suppose -3*w + 7*w - j*k = 0, 3*w + 3*k - 24 = 0. Suppose 29 = r + w*c, -c + 83 = 5*r - 5. What are the prime factors of r?
17
Let s(x) = x - 21. Let k be s(18). What are the prime factors of k/(-4) - 4147/(-44)?
5, 19
Let x(n) = -n**2 + n + 16. Let u be x(0). Suppose s - 2*s + u = 0. Suppose -5*g - s = -51. What are the prime factors of g?
7
Let p = 1 - 14. Suppose -48 = -2*r - 12. Let j = r - p. List the prime factors of j.
31
Suppose 3*q = -3*q + 13662. What are the prime factors of q?
3, 11, 23
Let a(z) = -z + 1. Let j be a(-5). Let b = 32 - 23. What are the prime factors of b/(j/2) - -10?
13
Let g(x) = 5*x**3 - 8*x**2 + 13*x + 9. Let j be g(4). Suppose -5*y - 6 + 132 = -2*n, 4*y - 93 = -n. What are the prime factors of j/4 + (-6)/y?
3, 7
Let q be (-4)/(-5) - (-74)/(-5). List the prime factors of 240*5/(-4 - q).
2, 3, 5
Let n(i) = -493*i - 18. List the prime factors of n(-4).
2, 977
Let b be (-2)/(-2 - 6/(-4)). Suppose 2*u + 1664 = 7*u - b*r, 3*u = 3*r + 996. What are the prime factors of 5/(-15) + u/9?
37
Let o = 8401 - 3193. List the prime factors of o.
2, 3, 7, 31
Let r(d) = d**2 + 5*d. Let v be r(-5). Let u be 2 + 4 + (v - -2). Let k(g) = 7*g - 15. What are the prime factors of k(u)?
41
Let c(p) = -539*p - 220. What are the prime factors of c(-3)?
11, 127
Let f = -1653 + 2621. List the prime factors of f/18 + (-14)/(-63).
2, 3
Let p = 5 + -3. Let c(r) = r + 20. Let a be c(-16). What are the prime factors of p*(-4)/a - -26?
2, 3
Suppose -j - 4 = 3*j + b, -4*j - 4 = -5*b. Let y(u) = -29*u. What are the prime factors of y(j)?
29
Let x(q) = q**2 + 10*q + 29. List the prime factors of x(24).
5, 13
Suppose -t - 2 + 1 = 0. Let g be 0 + t - (6 - 22). Let w = g + -9. What are the prime factors of w?
2, 3
Suppose 0 = c - 44*q + 42*q - 4243, 0 = 4*q - 20. List the prime factors of c.
4253
Let d(m) = m**2 - 8*m - 16. Let t be d(10). What are the prime factors of (-170)/8*t/(-1)?
5, 17
Let g(u) = 2*u**3 - 7*u**2 + 4*u + 6. Let k be g(5). Suppose 139 = 5*q - k. Suppose 3*f + f - 2*t = q, f = -5*t + 12. List the prime factors of f.
2, 3
Suppose -4*m + 10 + 2 = 0. Suppose -s = m*s - 128. Suppose -s = -3*z - z. List the prime factors of z.
2
Suppose -3*b + 2*w = -9, -b + w + 3 = 5*w. What are the prime factors of ((-13)/b)/(1/(-15))?
5, 13
Suppose 2*o - 1201 = 231. List the prime factors of o/14 + 1/(-7).
3, 17
Let z(q) = -10*q - 29. Suppose -4*v + a - 17 - 7 = 0, 5*a = v + 6. What are the prime factors of z(v)?
31
Let z = -9514 - -14142. What are the prime factors of z?
2, 13, 89
Let s = -106 + 91. Let p(w) = -5*w + 1. What are the prime factors of p(s)?
2, 19
Suppose 0*u - 170 = -2*u + 3*d, -5*u = -2*d - 436. Let m = u + -52. What are the prime factors of m/21*(-245)/(-10)?
2, 3, 7
Suppose -3*x - 46 = 4*m, 2*x - 4 = 5*m - 73. Let d = x + 27. Suppose 0 = -j + 3*c + 18 + 43, d*j - 317 = 3*c. List the prime factors of j.
2
Let l = 150 + 40. What are the prime factors of l?
2, 5, 19
Let v(l) = l**3 + 6*l**2 - 8*l - 3. Let n be v(-7). Suppose 2*t - 21 = -0*r - r, -44 = -n*t - 4*r. What are the prime factors of t?
2, 5
Let n(k) = -k + 5. Let a be n(5). Suppose a*w - 3*w + 6 = 0. Suppose f - w = 1. What are the prime factors of f?
3
Let x be ((-4)/4)/((-1)/21). Suppose 4*b - x = b - 2*m, -3*m - 27 = -2*b. List the prime factors of 6/b - (-128)/6.
2, 11
Suppose 3*a - 1258 - 312 = 4*h, -2*a - h + 1032 = 0. List the prime factors of a.
2, 7, 37
Let a(i) = i**3 + 3*i + 6*i - 9*i**2 - 44 + 50. What are the prime factors of a(8)?
2, 7
Let w(v) = -4*v**3 + 8*v**2 - 12*v + 9. Let f(n) = -1. Let s(z) = -6*f(z) - w(z). List the prime factors of s(4).
173
Let l(s) = -7 + 59*s**3 + 8 - 1 - s**2 + 2*s. What are the prime factors of l(1)?
2, 3, 5
Suppose 29 = 4*b - 51. Suppose b*t - 19*t - 49 = 0. What are the prime factors of t?
7
What are the prime factors of (84/(-14))/(3/(-25))?
2, 5
Let i = -483 - -2970. Suppose 0 = -8*f + i - 375. What are the prime factors of f?
2, 3, 11
What are the prime factors of 28/(-49) + 8916/21?
2, 53
Suppose -4*d = -5*q + 2300, -3*d + 1104 = 2*q + 184. Let m = q - 249. List the prime factors of m.
211
Let t = 1874 - 698. List the prime factors of t.
2, 3, 7
Suppose 5*c - 1198 = -3*v, 0*c - v = c - 238. List the prime factors of c.
2, 11
Suppose -10*d + 8*d - 24 = 0. List the prime factors of (-1232)/(-12) + (-4)/d.
103
Suppose -9 - 11 = -4*p. Let l be (9 - -1)*p/10. Suppose -171 = -l*t - 2*h, -3*t + 2*t + 48 = 5*h. What are the prime factors of t?
3, 11
Let a(q) = q**3 - 5*q**2 - 8*q - 6. Let d be a(7). Suppose d = 5*m - 2*m. List the prime factors of (92/m)/(2/12).
2, 23
Suppose -2*n = -3*q + 741 - 311, 4*q - 573 = 3*n. Let l = q + 114. List the prime factors of l.
2, 3, 43
Let l(q) = -q**3 + 2*q**2 - 1. Let s be l(-3). Suppose 2*t + 24 = 5*w - 0*t, 0 = 4*w - 5*t - 26. Suppose w*u = -0*u + s. List the prime factors of u.
11
Let w(u) = -u. Let f be w(-2). Suppose f*a + 10*a = 1788. What are the prime factors of a?
149
Suppose -v + 3 + 69 = 0. Suppose -3*w = -0*w - v. What are the prime factors of w?
2, 3
Let n = -78 + 77. What are the prime factors of 218/2 + n + -3?
3, 5, 7
Suppose 3 - 15 = -3*w. Suppose 2*f + f - w*h = 31, 2 = h. What are the prime factors of f?
13
Suppose -5 = m - 5. Suppose -4*j + x + 62 = -4*x, m = -2*x + 4. List the prime factors of j.
2, 3
Suppose 11*n - 5*n = 30. Suppose 0 = 4*f - n*f + 126. What are the prime factors of f?
2, 3, 7
Let j(q) = -q**3 + 9*q**2 - 6*q + 12. Let n = -36 + 44. What are the prime factors of j(n)?
2, 7
Let h = 66 - 71. Let v(f) = -f**3 - 5*f + 3. What are the prime factors of v(h)?
3, 17
What are the prime factors of (-17*(-26)/(-6))/(57/(-1881))?
11, 13, 17
Suppose 2*u = 5*p + 1769, -u - 2*u + 5*p + 2641 = 0. What are the prime factors of u?
2, 109
Suppose 0 = 3*b + 2*j + 15, 0 - 20 = 4*b + 3*j. What are the prime factors of 90*(2 - 4 - b)?
2, 3, 5
List the prime factors of 8455/7 + 954/63 + -15.
2, 151
Let q(y) = -18*y - 62. What are the prime factors of q(-14)?
2, 5, 19
Suppose 2*l + 3*f - 331 = 2*f, 0 = 3*l - 3*f - 492. Suppose -2*b = -5*t - 122, 3*b = 3*t - 0*t + l. List the prime factors of b.
3, 17
Let h = 214 + 339. Suppose 4*r - 5*i - h = 0, r - 168 = 2*i - 29. List the prime factors of r.
137
Suppose u = 4*u - 4*v + 407, -3*v - 630 = 5*u. Let y = u - -189. Let m = -36 + y. List the prime factors of m.
2, 3
Let v(l) = -2*l**3 - 4*l**2 - 5*l - 7. Let b be v(-2). List the prime factors of ((-108)/(-144))/(b/44).
11
Suppose 2*o - 2*p = -8, 0 = 5*o - 2*p + 5*p + 28. List the prime factors of (-58)/(-10) + 1 - o/25.
7
Suppose -4*c + 9*c = -m - 290, -5*c + 3*m - 290 = 0. Let i = 67 + c. What are the prime factors of i?
3
Suppose -3*i = 3*u - 2*i - 1329, 9 = 3*i. List the prime factors of u.
2, 13, 17
Let g(z) = -4*z. Let l be g(6). Let o = 110 - 107. Let j = o - l. What are the prime factors of j?
3
Suppose -10 = 5*v + 5. List the prime factors of (20/8 - 3)/(v/708).
2, 59
Let r(l) = 7*l - 13. Let g(j) = -j**3 - 4*j**2 - 3*j - 5. Suppose 3*h - 6 = 5*b - 23, 3*b + 13 = -4*h. Let i be g(h). What are the prime factors of r(i)?
2, 3
Let c be -3*(5 - 4) - -1. List the prime factors of ((-2)/(-4))/(c - 1524/(-760)).
5, 19
Let q(z) = 737*z + 170. List the prime factors of q(2).
2, 3, 137
Let g be 52/16 + (-1)/4. Suppose -g*n = -9*n + 552. What are the prime factors of n?
2, 23
Let w(m) = 5*m**3 + 2*m**2 - 2*m - 4. Let j be w(-2). Let h be (9/12)/((-2)/40). Let g = h - j. What are the prime factors of g?
17
Let l(x) = -2*x + 2. Let k be l(0). Suppose 159 = 2*u + z, -4*u - z = k*z - 323. List the prime factors of u.
7, 11
Suppose 0 = -24*l + 38*l - 1596. List the prime factors of l.
2, 3, 19
What are the prime factors of (-42980)/(-28) - (2 - 4)?
29, 53
Let s(p) = -p**3 + 18*p**2 - 11*p + 5. Let h be s(7). Let y = 685 - h. What are the prime factors of y?
2, 109
Let x = -474 - -891. List the prime factors of x.
3, 139
Let t be 4/6